 + 9*s + 37. What is the remainder when 55 is divided by t(-8)?
26
What is the remainder when (-294)/(-15) + (-6)/10 is divided by 2/6 - (-40)/6?
5
Suppose -11 = -9*k + 8*k. Calculate the remainder when 2/(-3*(-6)/369) is divided by k.
8
Suppose -6*q = -2*q - 5*u + 105, 3*q = -u - 74. Let t = q - -55. Let m(c) = -c**3 - 2*c**2 + 4*c. Calculate the remainder when t is divided by m(-4).
14
Suppose -2*p + 3*m + 27 = 0, 3*p - 21 = -0*p - 2*m. Calculate the remainder when p is divided by 5.
4
Suppose -w = 3*y - 62, 0*w - 3*w - 4*y = -211. Calculate the remainder when w is divided by 16.
13
Suppose 5*b = g + 168, -g + 3*g - 159 = -5*b. Suppose i + b = 2*i. Calculate the remainder when i is divided by 9.
6
Suppose -3*p - u - 27 = 0, -11 = p - u + 2. Let h = p + 18. Suppose -r = -i, -4*i + h + 4 = -r. Calculate the remainder when 13 is divided by r.
1
Let g(m) = m**3 - 7*m**2 - 5. Let c be g(4). Suppose -2*h - 5*q + 147 = -6*h, -2*h = 4*q + 54. Let z = h - c. Calculate the remainder when z is divided by 7.
6
Suppose -38 - 38 = -5*q + 3*x, -62 = -4*q + 3*x. Suppose -4*u + 5*u - 55 = 0. What is the remainder when u is divided by q?
13
Let j = -174 + 382. Suppose -f = 3*f - 5*i - 10, 0 = i - 2. Suppose 63 = -f*k + j. What is the remainder when k is divided by 10?
9
Suppose -6*x = -2*x - 20. Let i = -3 + x. Suppose 4*l - 6 - 14 = 0. Calculate the remainder when l is divided by i.
1
Suppose -12 = -4*o + 4*w, 4*o - 18 = -2*w + 6. What is the remainder when o is divided by 2/1 + 0 - -2?
1
Suppose 0*n = -2*n + 28. What is the remainder when n is divided by 4?
2
Let g = -53 + 82. Let v(s) = s**3 + 4*s**2 - s. What is the remainder when g is divided by v(-2)?
9
Let u(i) = i**2 + 6*i + 4. What is the remainder when (18/(-7))/3*-7 is divided by u(-6)?
2
Let d(s) = -s + 3. Let t be d(-7). Let o = t - 7. Suppose -o*n + 0*n = -27. What is the remainder when 16 is divided by n?
7
Let h(o) = -o**3 - 12*o**2 + 8*o - 23. Calculate the remainder when h(-13) is divided by 15.
12
Let u(y) = y**2 + 8*y - 27. Let r be u(-11). Calculate the remainder when -1*(-3 + r)*-11 is divided by 12.
9
Let u(o) = -o - 12. Let x be u(-7). Let m(i) = i**3 + 5*i**2 - 3*i - 4. Suppose 0 = -4*j - 24 + 104. Calculate the remainder when j is divided by m(x).
9
Suppose -4*v + 0*v = -52. Suppose 4*t = 2*t - 4. Let r(b) = 2*b**2 + 3*b + 3. Calculate the remainder when v is divided by r(t).
3
Let w(n) = n + 3. Let y be w(0). Let g be (2 - y)*64/2. Let d = g - -57. Calculate the remainder when d is divided by 13.
12
Let y(s) = 6*s**3 + 2. Let u be (-1)/(5/4 - 1). What is the remainder when y(2) is divided by -51*(u/3)/4?
16
Let w(y) = y**3 + 7*y**2 + 2*y - 7. Let g(a) = -a - 13. Let t be g(-7). What is the remainder when 31 is divided by w(t)?
14
Let d = 42 - 18. Suppose -q = -4*q + d. Suppose 0 = -5*r + 9 + 6. Calculate the remainder when q is divided by r.
2
Suppose 4 = d - 4*q, d - 3*q - 3 = 5. Calculate the remainder when 77 is divided by d.
17
Suppose h + 2*h = -6. Calculate the remainder when 1/2 + (-109)/h is divided by 14.
13
Let g be (-6)/1*2/(-3). Let u = 12 + -6. Suppose -4*l + 3*m + u = 0, 3 = l - g*m + 8. Calculate the remainder when 4 is divided by l.
1
Suppose b = 4*k - 7, 3*k + 4*b + 0*b - 29 = 0. What is the remainder when 16 is divided by k?
1
Suppose 68 = 2*k + 2*k. Let u(f) = -2*f + 13. What is the remainder when u(-10) is divided by k?
16
Suppose o = -3*s - 4, -4*o + s = 2*s - 39. Let q = 19 - 17. Suppose -5*v + 43 = q*f, -18 - 26 = -4*v - 4*f. What is the remainder when o is divided by v?
4
Let p be ((-12)/3)/(2*-1). Suppose 3*y + 6 = p*w + w, y = 3*w + 6. Let o = 4 - y. What is the remainder when o is divided by 3?
1
Let i = 39 + -8. What is the remainder when 91 is divided by i?
29
Suppose 5*n - 7 - 23 = 0. Suppose -n = 4*d - 30. Calculate the remainder when d is divided by 4.
2
Suppose 17*s - 1270 = 345. Calculate the remainder when s is divided by 14.
11
Let l(n) = 7*n**3 + n**2 - n + 1. What is the remainder when l(1) is divided by (-5)/(-3 + -3 + 5)?
3
Suppose -4*d = -2*z - 16, 3*z + 2*d = d + 4. Suppose u + 184 = -z*o + 5*o, 0 = -2*o + 5*u + 69. Calculate the remainder when o is divided by 10.
7
Suppose -2*j + 40 = 2*j. Let k(i) = i + 2. What is the remainder when j is divided by k(4)?
4
Let f(x) = 25*x**2 - x + 1. Let z be f(2). Suppose -3 = -6*r + z. What is the remainder when 49 is divided by r?
15
Let i(l) = -l**3 + 0 + 6*l**2 - l**2 - 5 + 7*l. Let p = 2 + -1. What is the remainder when i(6) is divided by p?
0
Let u be 14/(-49) + 46/14. Suppose 4*f - 22 = -0*f - 2*w, u*f - 23 = 5*w. What is the remainder when 10 is divided by f?
4
Let x be 299/11 + 2/(-11). Let y = x + -13. Calculate the remainder when y is divided by 4.
2
Let j = -89 - -126. Let f = 11 - -2. Calculate the remainder when j is divided by f.
11
Let p(l) = -l**3 + 6*l**2. Let k be p(6). Let f(z) = z. What is the remainder when f(2) is divided by 1/(-2)*-2 - k?
0
Suppose -2*v + 17 = -15. Let h be v/6*30/4. Suppose 0*u - 5 = -u + i, 0 = -4*u - 5*i + h. What is the remainder when 14 is divided by u?
4
Let i(d) = -d**2 + 6*d - 5. Let x be i(7). What is the remainder when 21 is divided by 2*(-2)/(x/33)?
10
Suppose 5*u + i = 105, -3*u + 85 = u + i. Suppose -5*l = -r - l + 10, -r + 2*l = -16. Suppose -h = -3*h + r. What is the remainder when u is divided by h?
9
Suppose -76 = -0*k - 2*k. What is the remainder when k is divided by 10?
8
Let o be ((-5)/10)/(2/(-28)). Suppose 0 = -s + 12 + o. What is the remainder when s is divided by 7?
5
Suppose 0*f + 3*f - 33 = 0. Calculate the remainder when 31 is divided by f.
9
Let s = -173 - -253. Suppose -4*r = s - 212. Suppose 0 = -3*y + 54 + r. What is the remainder when y is divided by 10?
9
Let w(m) = 19*m**3 - m**2 - m + 1. Let r be w(1). What is the remainder when 1 + 1/(3/r) is divided by 3?
1
Suppose 24 = 9*u - 5*u. What is the remainder when u is divided by 2?
0
Let g be (2/(-4))/((-4)/104). Let t = -5 + g. Suppose -2*q + t = -30. What is the remainder when 36 is divided by q?
17
Let w be ((-5)/2)/(3/(-6)). Let h = 19 - w. Calculate the remainder when (-2)/((-50)/(-54) - 1) is divided by h.
13
Let w(c) = 6*c + 3. Let t be w(5). Let s be 6/t - 196/(-11). Suppose 2*i = 22 + s. What is the remainder when i is divided by 11?
9
Suppose -6*t + 31 = -5. What is the remainder when t is divided by 3?
0
Let y = 7 + 7. Calculate the remainder when y is divided by 4.
2
Let r = -21 + 35. What is the remainder when r is divided by 5?
4
Suppose 4*g + 208 = 4*r, -3*r + 7*r - g = 220. Suppose 0 = -4*b - f + 93, 6*b - r = 3*b + 2*f. Calculate the remainder when b is divided by 12.
10
Let p(d) = -d**2 + 6*d - 7. Let o be p(5). What is the remainder when (-98)/6*(-1 + o) is divided by 13?
10
Let p be -2 + 2 + (-11 - 1). Let j be p*(-2)/4*1. Let f(z) = 10*z - 5. Calculate the remainder when f(j) is divided by 19.
17
Suppose -5*i = -5*q + 95, 4*q - 6*i = -i + 75. Suppose 2*p = 6*p - q. Let d(f) = 2*f**2 - 3*f + 6. What is the remainder when d(p) is divided by 14?
13
Let l = -15 - -32. What is the remainder when l is divided by 6?
5
What is the remainder when 2/((-16)/(-7) + -2) is divided by (3 + 0)*(3 + -2)?
1
Let x(f) = -f**3 - 4*f**2 + 4*f + 4. Suppose -265 = -5*q + 65. Suppose -3*z + z = -q. Calculate the remainder when z is divided by x(-5).
6
Let r(b) = -2*b**2 - 23*b - 6. What is the remainder when r(-6) is divided by 9?
6
Suppose -q + 264 = 3*q. Calculate the remainder when q is divided by 23.
20
Let h = 3 + -3. What is the remainder when (-92)/(-3 - (h - 1)) is divided by 16?
14
Calculate the remainder when 22 is divided by (-71)/(-6) + 2/12.
10
Suppose 5*j = 2*p + 2*p - 45, -j - p - 9 = 0. Let a = j + 13. Suppose a*t - 5*t = -5. What is the remainder when t is divided by 2?
1
Suppose m - 18 = -2*m. Suppose f = -m + 15. What is the remainder when 16 is divided by f?
7
Suppose 103 = 5*q - 2. Suppose f + 2*z - q = 20, z = f - 35. Calculate the remainder when f is divided by 10.
7
Let u(t) = -t**3 - 7*t**2. Let f be u(-7). Suppose f = -3*d + 1 + 56. Calculate the remainder when 36 is divided by d.
17
Let i(f) = f**3 + 6*f**2 + 3*f. Let n = -10 + 5. Calculate the remainder when i(n) is divided by 6.
4
Let i = -39 + 54. What is the remainder when 57 is divided by i?
12
Suppos